h + 5. What is x(-4)?
97
Let o(f) = f**3 - 3*f**2 - f. Calculate o(4).
12
Let h(i) = -7*i + 9. Determine h(1).
2
Let o(u) = -7*u**2 + 2. Calculate o(-1).
-5
Let t(l) = -l**3 - 20*l**2 - 19*l + 11. What is t(-19)?
11
Let v(g) = g**3 + 9*g**2 - 13*g - 24. What is v(-10)?
6
Let j(k) = -7*k**3 - 2*k**2 + 5*k + 6. Give j(-1).
6
Let u(l) = 2*l**2 - 6*l + 16. Give u(6).
52
Let f(q) = q**3 + 59*q**2 + 6*q + 363. What is f(-59)?
9
Let g(r) = 13*r - 70. Determine g(6).
8
Let j(s) = s**3 - 29*s**2 + 80*s - 17. Calculate j(26).
35
Let d(b) = b**3 + 3*b**2 - 4*b - 2. Determine d(-4).
-2
Let w(h) = 3*h + 29. Give w(-7).
8
Let h(v) = -3*v**2 + 4*v + 4. Give h(4).
-28
Let f(u) = u - 5. What is f(-8)?
-13
Let d(l) = -l**3 - l**2 - 23. What is d(0)?
-23
Let s(k) = 33*k - 27. What is s(1)?
6
Let g(f) = 5*f - 96. Calculate g(18).
-6
Let u(y) = -y**2 + y + 2. Determine u(5).
-18
Let z(s) = s**2 - 6. What is z(5)?
19
Let c(j) = -j + 1. Determine c(4).
-3
Let n(z) = -2*z**3 - 2*z**2 + 2*z + 6. Calculate n(-3).
36
Let x(q) = 3*q**2 + 8*q + 3. Calculate x(-3).
6
Let x(p) = p**3 - 14*p**2 + 12*p - 5. What is x(13)?
-18
Let i(x) = x**3 + 10*x**2 - 10*x + 12. What is i(-11)?
1
Let c(h) = 2*h**3 + 5*h**2 + 2*h + 1. Determine c(-3).
-14
Let u(i) = i**2 - 5*i + 8. Determine u(6).
14
Let r(m) = m**3 - 11*m**2 + 11*m + 4. Calculate r(10).
14
Let o(m) = 3*m**3 + 3*m**2 + m + 1. Calculate o(-3).
-56
Let r(g) = 3*g**2 + 13*g - 42. Give r(-9).
84
Let s(t) = -2*t**3 - 7*t**2 - 5*t + 1. Calculate s(-4).
37
Let y(l) = l**2 + 11*l - 33. Calculate y(-12).
-21
Let y(b) = -6*b + 5. Determine y(2).
-7
Let m(w) = -w**3 + 4*w**2 - 3*w - 1. Determine m(3).
-1
Let t(g) = -g**2 + 12*g - 13. Give t(13).
-26
Let r(g) = -g**3 - 6*g**2 + 6*g - 23. Determine r(-7).
-16
Let y(r) = -r**2 - 14*r - 30. Determine y(-13).
-17
Let b(w) = -w**3 + 47*w**2 + 45*w + 135. Give b(48).
-9
Let c(n) = -n**2 + 10*n - 6. Give c(7).
15
Let z(v) = -v**3 + 5*v**2 + 6*v + 5. Calculate z(6).
5
Let f(j) = 11*j**3 - 2*j**2 - j. Calculate f(-1).
-12
Let k(q) = -2*q + 6. Determine k(11).
-16
Let l(k) = 10*k + 15. What is l(-6)?
-45
Let b(s) = -2*s + 18. What is b(17)?
-16
Let d(n) = -n**2 - 20*n - 78. Give d(-6).
6
Let m(i) = 37*i + 9. Give m(-3).
-102
Let b(p) = p**2 - 17*p + 10. Determine b(11).
-56
Let c(p) = -2*p**2. What is c(0)?
0
Let m(q) = -q**2 + 5. What is m(6)?
-31
Let j(c) = 58*c + 50. Calculate j(-1).
-8
Let a(z) = -z**3 - 9*z**2 - 21*z - 97. What is a(-8)?
7
Let c(p) = p**2 + 6*p + 18. Determine c(-8).
34
Let r(u) = u**3 + 8*u**2 - 6*u + 12. Give r(-9).
-15
Let t(f) = -f**2 + 9*f + 8. Determine t(7).
22
Let m(s) = -2*s**3 - 2*s**2 - 3*s - 4. Give m(-2).
10
Let x(h) = 3*h**3 + 2*h**2 - h + 7. Calculate x(3).
103
Let l(z) = z**3 + 31*z**2 - 35*z - 61. What is l(-32)?
35
Let s(h) = h - 6. Calculate s(-14).
-20
Let u(g) = -4*g**3 - g**2 + 3*g - 16. Calculate u(0).
-16
Let k(g) = -g**3 - 6*g**2 + 2*g + 12. Determine k(0).
12
Let r(k) = 4*k + 46. What is r(-10)?
6
Let z(u) = u**2 + 11*u + 19. Calculate z(-6).
-11
Let j(l) = 17*l - 72. Calculate j(7).
47
Let b(g) = 8*g**2 + 3*g - 3. What is b(-3)?
60
Let k(f) = -2*f**3 - 34*f**2 - 32*f + 7. Calculate k(-16).
7
Let z(w) = -w**2 + 5*w + 1. Determine z(-5).
-49
Let c(l) = 2*l**2 + l + 18. Calculate c(0).
18
Let m(u) = -2*u**2 - 2*u + 1. What is m(0)?
1
Let x(q) = -4*q**3 + 32*q**2 + 3*q - 16. Determine x(8).
8
Let g(u) = -u**3 + 7*u**2 + 80*u - 29. What is g(13)?
-3
Let d(m) = m**2 - 8*m + 3. Calculate d(6).
-9
Let k(f) = -12*f - 1. What is k(1)?
-13
Let l(d) = d**2 - 8*d + 5. Calculate l(4).
-11
Let t(r) = -5*r - 8. Give t(-3).
7
Let q(m) = -2*m**3 + 13*m**2 + 7*m - 11. Determine q(7).
-11
Let o(g) = -2*g**2 + 53*g + 39. Calculate o(27).
12
Let c(k) = k**2 + 21*k + 16. Give c(-20).
-4
Let d(c) = -2*c + 36. Determine d(12).
12
Let x(p) = -p**2 - 2*p - 3. Calculate x(-1).
-2
Let y(r) = -3*r. Determine y(3).
-9
Let w(x) = 4*x**2 + 30*x + 20. Determine w(-9).
74
Let m(h) = 3*h**3 + 3*h**2 - h. Determine m(-3).
-51
Let i(r) = 3*r**3 + 4*r**2 - 2*r - 2. Give i(-3).
-41
Let b(c) = 4*c**2 + 2*c - 15. What is b(7)?
195
Let m(i) = -i**3 - 37*i**2 - 37*i + 7. What is m(-36)?
43
Let u(d) = d**2 + 4*d + 3. What is u(-4)?
3
Let y(d) = -d + 17. Give y(40).
-23
Let k(h) = -15*h - 2. Calculate k(-2).
28
Let m(q) = q**2 - 7*q + 1. Calculate m(3).
-11
Let s(y) = y**3 - 9*y**2 + 11*y - 106. Determine s(9).
-7
Let o(j) = -j**3 + 5*j**2 + 24*j - 118. Calculate o(6).
-10
Let d(b) = -b**3 - 2*b**2 + 4*b. Calculate d(0).
0
Let k(p) = -4*p**2 - 5*p - 7. Calculate k(-3).
-28
Let r(x) = -10*x + 21. Give r(-2).
41
Let c(k) = k**3 - 6*k**2 + 5*k - 5. What is c(4)?
-17
Let k(y) = 2*y**3 + 3*y - 6. Calculate k(3).
57
Let q(y) = y**2 - 3*y + 9. Determine q(0).
9
Let h(u) = -80*u - 874. Determine h(-11).
6
Let y(r) = r**2 + 12*r + 8. Calculate y(-12).
8
Let p(r) = r**3 + 5*r**2 + r - 4. Determine p(-5).
-9
Let b(q) = -q**2 - 3. What is b(-3)?
-12
Let n(d) = d**3 + 9*d**2 + 20*d + 5. Give n(-6).
-7
Let h(d) = d**3 + 12*d**2 - 2*d + 17. What is h(-12)?
41
Let r(v) = -v**3 + 11*v**2 + 28*v - 24. What is r(13)?
2
Let v(s) = 36*s**2 - s + 2. Calculate v(1).
37
Let d(b) = b**3 - 8*b**2 - 9*b - 3. What is d(9)?
-3
Let s(m) = 7*m - 40. What is s(6)?
2
Let v(t) = -t**3 - 4*t**2 + 12*t + 2. Determine v(-6).
2
Let k(t) = 2*t**2 - 81*t + 207. What is k(38)?
17
Let f(v) = -2*v**2 - 4*v + 30. Determine f(-9).
-96
Let j(w) = 9*w**2. Determine j(2).
36
Let t(n) = -n**3 + n**2 - n + 5. What is t(0)?
5
Let l(q) = 11*q - 10. Give l(-5).
-65
Let g(k) = k**3 - 10*k**2 - k - 7. What is g(11)?
103
Let b(d) = -2*d**3 - 51*d**2 + 23*d - 85. Give b(-26).
-7
Let z(i) = -i**2 - 16*i - 49. What is z(-12)?
-1
Let w(k) = 8*k - 38. Determine w(6).
10
Let v(k) = -4*k. What is v(3)?
-12
Let c(a) = -2*a**2 - 4*a. Determine c(2).
-16
Let b(y) = y**2 - 19*y - 296. Calculate b(-10).
-6
Let u(w) = w**3 - 25*w**2 + 20*w + 65. Give u(24).
-31
Let w(f) = 4*f**2 - 65*f + 16. Calculate w(16).
0
Let k(s) = -10*s - 7. Give k(3).
-37
Let t(j) = j + 95. Determine t(0).
95
Let r(i) = i**3 + 2*i**2 + 6. Determine r(-3).
-3
Let v(f) = 6*f**2 - 2*f - 26. Give v(5).
114
Let w(r) = -r**3 + 79*r + 5. Determine w(9).
-13
Let l(s) = -18*s. Give l(2).
-36
Let i(c) = 8*c**2. Give i(1).
8
Let z(u) = u**3 - 6*u**2 - 3*u + 2. Give z(6).
-16
Let i(s) = 3*s**2 + 14*s - 5. Give i(-5).
0
Let k(j) = -j**2 - 14*j - 64. Give k(-5).
-19
Let a(m) = 41*m - 531. What is a(13)?
2
Let o(v) = -3*v - 2. Calculate o(-3).
7
Let j(p) = -56*p**2 - 3*p + 1. Determine j(1).
-58
Let v(l) = -l**3 - 2*l**2 + 13*l + 8. What is v(-5)?
18
Let o(f) = -2*f**2 + 9*f - 19. Calculate o(5).
-24
Let f(u) = 2*u**2 + 11*u - 16. Calculate f(-7).
5
Let v(g) = -g - 8. Give v(-15).
7
Let c(p) = 2*p**3 - 19*p**2 - 25*p + 14. What is c(10)?
-136
Let s(i) = -10*i + 7. What is s(0)?
7
Let v(u) = u**3 - 17*u**2 - 38*u - 3. Calculate v(19).
-3
Let t(c) = -29*c - 86. Give t(-3).
1
Let s(n) = n**3 - 15*n**2 + 6*n - 14. What is s(14)?
-126
Let w(n) = -n**3 - 9*n**2 + 10*n - 6. Determine w(-10).
-6
Let g(c) = -c + 14. Give g(5).
9
Let c(b) = -b**2 - 39*b + 123. Determine c(-42).
-3
Let y(j) = -25*j + 139. What is y(6)?
-11
Let k(w) = -w**2 + 2*w + 2. What is k(3)?
-1
Let z(y) = 2*y - 27. Calculate z(15).
3
Let s(a) = -31*a + 65. What is s(2)?
3
Let m(b) = -b**3 + b**2 + 4*b - 8. Calculate m(4).
-40
Let g(k) = -k**3 + 7*k**2 - 7*k - 16. What is g(7)?
-65
Let z(j) = j + 9. Calculate z(-7).
2
Let r(d) = d**2 + 19*d + 36. Give r(-7).
-48
Let d(u) = u**3 + 7*u**2 + 5*u - 6. Calculate d(-6).
0
Let z(m) = -m**3 + 5*m**2 + 8*m - 19. What is z(6)?
-7
Let w(d) = d**3 - 9*d**2 + 2*d + 54. Give w(8).
6
Let w(i) = -7*i**2 + 75*i + 14. What is w(11)?
-8
Let y(a) = -a**2 + 10*a - 1. Calculate y(6).
23
Let y(d) = 29*d - 223. Give y(7).
-20
Let q(b) = -2*b**3 - 14*b**2 - 14*b - 4. Give q(-6).
8
Let o(w) = w**3 - 20*w**2 + 33*w + 57. What is o(18)?
3
Let u(t) = 4*t + 21. Calculate u(-7).
-7
Let k(h) = -22*h + 3. What is k(1)?
-19
Let p(x) = -x**2 - 12*x - 4. What is p(-11)?
7
Let u(o) = -4*o**2 + 10*o - 10. Determine u(2).
-6
Let k(p) = 23*p - 298. Calculate k(13).
1
Let a(q) = q**3 - 7*q**2 + 2*q + 6. Calculate a(8).
86
Let h(m) = -19*m - 32. Determine h(-2).
6
Let l(g) = 3*g + 30. Determine l(-17).
-21
Let h(f) = 11*f**3 -